ime factors of q?
2, 101, 107
Suppose -87*j = 49*j + 447446 - 6679238. What are the prime factors of j?
2, 3, 7, 1091
Suppose -142 = -f - f. Suppose -82*d + f*d = -4994. What are the prime factors of d?
2, 227
Let h be (4/4)/1 - -4. Suppose -h*k - 137 = 2*j, -152 - 177 = 5*j - k. Let s = -42 - j. List the prime factors of s.
2, 3
Suppose 0 = 3*p + 15*r - 40989, 3*p + 3*r + 9278 - 50267 = 0. What are the prime factors of p?
13, 1051
What are the prime factors of 8866 - ((-2)/(-5) - 408/(-255))?
2, 277
Suppose 5*m - 2*v = -1059, 14 - 8 = 3*v. Let x = 1132 - m. What are the prime factors of x?
17, 79
Let q(z) = 4*z**2 + 31*z - 128. Let u be q(-29). Suppose -5*t - v = -u, -t - t = 4*v - 942. What are the prime factors of t?
467
Let a = 106 + -142. What are the prime factors of -217*((-3)/7)/((-27)/a)?
2, 31
Let y = -49 + -5. Let r be 4/18 + (-1338)/y. Suppose -8*x + 3*x = -5*p + 55, -3*p = x - r. What are the prime factors of p?
3
Let r = -17 + 34. Let u = r + -15. Suppose -3*o + 345 = u*o. What are the prime factors of o?
3, 23
Let s = 7021 + -6901. What are the prime factors of s?
2, 3, 5
Let z = -11157 + 24870. List the prime factors of z.
3, 7, 653
Suppose 63*n + 349910 = 118*n. List the prime factors of n.
2, 3181
Let v(t) = 3*t**2 - t + 26. Let q be v(0). Suppose q*d - 4480 = -6*d. What are the prime factors of d?
2, 5, 7
Suppose -22*i + 83495 + 523155 = 0. What are the prime factors of i?
5, 1103
Let m = 30896 - 21762. List the prime factors of m.
2, 4567
Let a = -56786 + 112569. List the prime factors of a.
7, 13, 613
Suppose 7*c - 8*c = -40. Suppose -c*a - 382 = -41*a. What are the prime factors of a?
2, 191
Suppose -45275 = 10*a - 146875. List the prime factors of a.
2, 5, 127
Suppose 28*v - 2728 = 24*v. Let a = v + -272. List the prime factors of a.
2, 5, 41
Suppose 0 = 77*k + 104*k - 1791719. What are the prime factors of k?
19, 521
Let s be (28/8 + -3)*8. Suppose -s*x + 140 = 4*d, -3*d = -4*x - d + 152. What are the prime factors of x?
37
Suppose -24*l + 426730 = -77809 - 359029. List the prime factors of l.
2, 3, 1999
Suppose -4*b = -2*c - b + 2420, 0 = b. Suppose 0 = 19*j - 21*j + c. List the prime factors of j.
5, 11
List the prime factors of ((92/(-11))/(24/(-44)))/(1/27).
2, 3, 23
Let v be (-6)/(0 - -2)*-1. Suppose -11*l + w = -9*l - 19, 4*l - w = 33. Let t = v + l. List the prime factors of t.
2, 5
Suppose -16*z - 71502 = -33*z. What are the prime factors of z?
2, 3, 701
Suppose 0 = 4*x + 15*x + 6745. What are the prime factors of ((-182)/(-4))/(x/90 - -4)?
3, 7, 13
What are the prime factors of (-27053 - -1)*(-5 + (-38)/(-8))?
6763
Suppose 2417438 = -196*x + 242*x. List the prime factors of x.
52553
Let b be -2 - (-12)/15*-5. Let y be (-862*2/(-12))/((-2)/b). Suppose 4*g = 313 + y. What are the prime factors of g?
2, 3, 31
Suppose 258*r + 9465 - 820659 = 337938. List the prime factors of r.
2, 17, 131
Let n = -595 - -649. What are the prime factors of (1233/(-27))/((-6)/n)?
3, 137
Let h be -3*(-35)/10*68/6. Suppose 4*l - 4*b - 724 = 0, l + 3*b - h = 82. What are the prime factors of l?
2, 3, 31
Let f = -5101 - -7445. List the prime factors of f.
2, 293
Let x(o) = 4051*o**2 - 128*o + 132. List the prime factors of x(1).
5, 811
Let d = 3 + 0. Let k(q) be the second derivative of q**4 - 7*q**2/2 - 2*q + 13. What are the prime factors of k(d)?
101
Suppose -16*j + 13*j = -6. What are the prime factors of 10 + 67 - (j + -2)?
7, 11
Let g = -1356 + 718. What are the prime factors of 7/(-14) + g/(-4) + -2?
157
Let o = -14 + 16. Suppose -274 = -o*m - 50. Suppose 5*h = 412 - m. What are the prime factors of h?
2, 3, 5
Suppose -33*t + 14620 = -28*t. List the prime factors of t.
2, 17, 43
Suppose 2*h - 5*m - 41157 = 0, 152*h - 150*h - 41107 = -5*m. What are the prime factors of h?
2, 7, 13, 113
Suppose 3*x = 3*m + 237, 0 = -x - 2*m + 30 + 58. Suppose 3*o - 240 = -3*f, 4*o - 2*f + x = 5*o. List the prime factors of o.
2, 3, 13
Suppose 8*j + 41026 = 53*j + 101*j. What are the prime factors of j?
281
Let t(q) = q**3 - 3*q**2 + 5*q - 66. Let y be t(6). Suppose y + 112 = a. What are the prime factors of a?
2, 23
Let c(i) = -31*i**3 + 6*i**2 - 6*i - 46. What are the prime factors of c(-6)?
2, 7, 17, 29
Suppose 2*i + 710 = m + 4*i, -3*m = -5*i - 2097. List the prime factors of m.
2, 11
Let w be (-24)/60*5*(-234 + 0). Suppose r - 58 - w = 0. List the prime factors of r.
2, 263
Let b = 20 - 18. Let g be (226/(-1))/b + 3. What are the prime factors of (2 + g)*18/(-24)?
3
Suppose 3*r = 2*l + 37110, -929 - 23849 = -2*r - 5*l. List the prime factors of r.
2, 23, 269
Let p = -132 - -130. Suppose -5*r = u + 29, 4 = -r + u + 3. What are the prime factors of (-3)/r - (p - (-6612)/(-30))?
223
Let g(k) = 1574*k + 1958. What are the prime factors of g(8)?
2, 3, 5, 97
Suppose 3*a + 0*a - 4 = -r, -4*a - 16 = -4*r. Let n be 208/20 - (-28)/(-20). Suppose a = n*s - 394 - 425. List the prime factors of s.
7, 13
Suppose 0 = -2*z + 5*h - 11, -15*h - 6 = 3*z - 19*h. Suppose -3*u + z*l = -2285, 2*l - 6*l + 2279 = 3*u. What are the prime factors of u?
761
Suppose 2*y - 4*i - 75218 = 0, -8 = 5*i + 22. List the prime factors of y.
7, 41, 131
Let g = 1209 + -581. Let a = -323 + g. Suppose 7*q + a = 12*q. List the prime factors of q.
61
Suppose 3*g + 50552 - 240296 = -5*w, w + 316240 = 5*g. What are the prime factors of g?
2, 59, 67
Suppose 2*h = -5*z + 22005, 2*h = 3*h - 5*z - 10965. What are the prime factors of h?
2, 5, 7, 157
Let n be (-16)/(-1) + -3 - 4. Let w(p) = p. Let d(h) = 12*h + 5. Let t(v) = 2*d(v) - 22*w(v). What are the prime factors of t(n)?
2, 7
Let z = 3098 + -2174. Suppose -3*c + z = 3*i - 8*i, 0 = c + i - 316. List the prime factors of c.
313
Let o be (11/(-22))/(1/(-72)). Suppose o = 4*t - 8. Suppose -z + 101 = -t. What are the prime factors of z?
2, 7
Let r be (-74)/((-5)/(-15) - 44/114). Suppose r - 1959 = -x. What are the prime factors of x?
7, 79
Let f = 916 - 910. Let q be (2/(-2))/(-1) - -8. Suppose 0 = -f*b + q*b - 87. What are the prime factors of b?
29
Suppose 2*b = -2*y - 34, -4*y + 41 = -5*b - 35. Let m(r) = -r**3 - 12*r**2 + 35*r - 13. What are the prime factors of m(b)?
11, 41
Suppose -56*t + 26*t = -23*t - 212527. List the prime factors of t.
97, 313
Suppose -32449 = -9*p - 7573. List the prime factors of p.
2, 691
Let q be 116/(-6)*96/64 - -1. Let u = 207 - q. What are the prime factors of u?
5, 47
Let y be 2 + (-1986)/9 + (-1)/3. Let w = -165 - y. List the prime factors of w.
2, 3
Let q = -33 + 35. Suppose -2*a + b + q = -3*a, 4*a - b = 2. Suppose -2*j = r - 28, -j + r + 17 = -a*j. List the prime factors of j.
3, 5
Let s(y) = y**3 + 18*y**2 - 8*y - 5. Let h be s(-22). Let x = -711 - h. List the prime factors of x.
2, 17, 31
Suppose 5*r + d + 2790 = 0, r = -5*d - 6 - 528. Let b = r - -797. What are the prime factors of b?
2, 7, 17
Suppose -n - 5*j = -3527, 0 = 4*n + 2*j - 10186 - 4030. What are the prime factors of n?
3557
Suppose -2*b = -5*i - 7169 + 18009, 10860 = 5*i + 2*b. Suppose 0 = 2*t - 5558 + i. What are the prime factors of t?
2, 7, 11
Let n = 4460 - -18250. What are the prime factors of n?
2, 3, 5, 757
Let w = 397 + -333. Suppose -62*o - 504 = -w*o. List the prime factors of o.
2, 3, 7
Let d = -239 + 462. Let r be -3 + -1 + 117 + 0 + 8. Suppose 0 = -4*k + r + d. List the prime factors of k.
2, 43
Let t(q) = 15*q**3 + 4*q**2 + 6*q - 3. Suppose -2*d = -5*c + 15 + 9, 3*d = -6. What are the prime factors of t(c)?
5, 11, 19
Let y = -6710 + 4758. Let o = y - -3195. What are the prime factors of o?
11, 113
Let o(y) = 7*y**3 - 32*y**2 - 12*y + 13. Let r be (-9 - -13 - 6) + (9 - 0). What are the prime factors of o(r)?
2, 3, 127
Suppose -7*x - 284 = -2335. List the prime factors of (24/(-6))/(-1 - (-291)/x).
2, 293
Let m be (-1)/(-2) - (20/(-8) + 2). Suppose 14 + m = 5*v. Suppose 0 = -v*b - 3*f + 198, -153 = -2*b - 5*f - 24. What are the prime factors of b?
67
Suppose 11*b - 15*b + 58917 = n, b + 6*n = 14735. What are the prime factors of b?
11, 13, 103
Let u be (((-260)/6)/(-5))/((-2)/(-6)). What are the prime factors of 492/(31/40 + u/(-65))?
2, 41
Suppose -19*y + 240338 = -5674. What are the prime factors of y?
2, 3, 13, 83
Let d(u) = 6*u**3 - 264*u**2 - 69*u - 36. List the prime factors of d(46).
2, 3, 3697
Let u(j) = j**3 - 7*j*